{"id":16,"date":"2013-11-01T17:58:25","date_gmt":"2013-11-01T16:58:25","guid":{"rendered":"http:\/\/schreibquelle.de\/?page_id=16"},"modified":"2013-11-15T19:10:55","modified_gmt":"2013-11-15T18:10:55","slug":"kontakt","status":"publish","type":"page","link":"https:\/\/schreibquelle.de\/?page_id=16","title":{"rendered":"Kontakt"},"content":{"rendered":"<p>Kontakt:<\/p>\n<p>Ruth Lenz-Tichai<\/p>\n<p>Liesl-Kie\u00c3\u0178ling-Str. 7<\/p>\n<p>90763 F\u00c3\u00bcrth<\/p>\n<p><a href=\"mailto:lenz-tichai@web.de\">lenz-tichai@web.de<\/a><\/p>\n<p>Tel. 0911 97907696<\/p>\n<p>&nbsp;<\/p>\n<p>Zu meiner Person:<\/p>\n<p>Schreiben nenne ich meine dritte Berufung. Obwohl ich schon immer gerne schrieb, w\u00c3\u00a4re ich lange nicht auf die Idee gekommen, dass es ein so wichtiger Teil von mir sein k\u00c3\u00b6nnte. Erst eine Visionssuche 2002 machte mir das deutlich. Trotzdem beschloss ich, das Schreiben noch wegzuschieben, auch um meinen ersten beiden Berufungen zur Psychotherapeutin und als Mutter dreier Kinder genug Raum zu geben. Als der Wunsch nach Ausdruck immer dr\u00c3\u00a4ngender wurde, gab ich meine psychotherapeutische Praxis auf und lebe seit Anfang 2011 als Schreibende.<\/p>\n<p>Meine Freude am Schreiben gebe ich in Schreibseminaren (Frauen-Schreib-Tag bei der VHS F\u00c3\u00bcrth) und in kleinen Schreibgruppen weiter.<\/p>\n<p>Einzelcoaching biete ich f\u00c3\u00bcr die Menschen an, die sich intensiv mit ihrem Schreiben besch\u00c3\u00a4ftigen wollen.<\/p>\n<p>In Lesungen k\u00c3\u00b6nnen sich Literaturbegeisterte an meinen Gedichten, Kurzgeschichten und lyrischer Kurzprosa \u00c2\u00a0freuen.<\/p>\n<p>Mein erster Roman \u00e2\u20ac\u017eVerflechtungen\u00e2\u20ac\u0153 wartet auf einen Verlag, mein zweiter Roman \u00e2\u20ac\u017eEin Sommer mit Sarah\u00e2\u20ac\u0153 auf den letzten Schliff.<\/p>\n<p>&nbsp;<\/p>\n<p>Zahlreiche Schreibfortbildungen haben den Weg dorthin geebnet:<\/p>\n<p>zweijahrige FrauenSchreibSchule Kalliope bei Monika Winkelmann, Bonn<\/p>\n<p>mehrere Schreibwochen \u00e2\u20ac\u017eKassiopeia\u00e2\u20ac\u0153 bei Gabriele Gabriel, Leipzig<\/p>\n<p>Schreibgruppe im Haus Feldweg bei Hanne Mausfeld, Eckental<\/p>\n<p>mehrere Schreibfortbildungen bei Arwed Vogel, M\u00c3\u00bcnchen<\/p>\n<p>&nbsp;<\/p>\n<p>Mitglied der Autorinnengruppe \u00e2\u20ac\u017eBSE\u00e2\u20ac\u0153, Franken, die ich mit zwei weiteren Schriftstellerinnen zusammen gegr\u00c3\u00bcndet habe und die seit 2010 besteht.<\/p>\n<p>&nbsp;<\/p>\n<p>&nbsp;<\/p>\n<p>&nbsp;<\/p>\n<p>Verantwortlich f\u00c3\u00bcr Inhalte: Ruth Lenz-Tichai, Liesl-Kie\u00c3\u0178ling-Str. 7, 90763 F\u00c3\u00bcrth<\/p>\n<p>Technische Umsetzung: Moritz Lenz, Weigmannstr. 7, 90765 F\u00c3\u00bcrth<\/p>\n","protected":false},"excerpt":{"rendered":"<p>Kontakt: Ruth Lenz-Tichai Liesl-Kie\u00c3\u0178ling-Str. 7 90763 F\u00c3\u00bcrth lenz-tichai@web.de Tel. 0911 97907696 &nbsp; Zu meiner Person: Schreiben nenne ich meine dritte Berufung. Obwohl ich schon immer gerne schrieb, w\u00c3\u00a4re ich lange nicht auf die Idee gekommen, dass es ein so wichtiger Teil von mir sein k\u00c3\u00b6nnte. Erst eine Visionssuche 2002 machte mir das deutlich. Trotzdem beschloss &hellip; <a href=\"https:\/\/schreibquelle.de\/?page_id=16\" class=\"more-link\">Continue reading <span class=\"screen-reader-text\">Kontakt<\/span> <span class=\"meta-nav\">&rarr;<\/span><\/a><\/p>\n","protected":false},"author":1,"featured_media":0,"parent":0,"menu_order":0,"comment_status":"open","ping_status":"open","template":"","meta":[],"_links":{"self":[{"href":"https:\/\/schreibquelle.de\/index.php?rest_route=\/wp\/v2\/pages\/16"}],"collection":[{"href":"https:\/\/schreibquelle.de\/index.php?rest_route=\/wp\/v2\/pages"}],"about":[{"href":"https:\/\/schreibquelle.de\/index.php?rest_route=\/wp\/v2\/types\/page"}],"author":[{"embeddable":true,"href":"https:\/\/schreibquelle.de\/index.php?rest_route=\/wp\/v2\/users\/1"}],"replies":[{"embeddable":true,"href":"https:\/\/schreibquelle.de\/index.php?rest_route=%2Fwp%2Fv2%2Fcomments&post=16"}],"version-history":[{"count":3,"href":"https:\/\/schreibquelle.de\/index.php?rest_route=\/wp\/v2\/pages\/16\/revisions"}],"predecessor-version":[{"id":76,"href":"https:\/\/schreibquelle.de\/index.php?rest_route=\/wp\/v2\/pages\/16\/revisions\/76"}],"wp:attachment":[{"href":"https:\/\/schreibquelle.de\/index.php?rest_route=%2Fwp%2Fv2%2Fmedia&parent=16"}],"curies":[{"name":"wp","href":"https:\/\/api.w.org\/{rel}","templated":true}]}}